multiple of 14?
True
Does 15 divide 1997550?
True
Does 2 divide 10560?
True
Is 226 a factor of 544604?
False
Does 14 divide 694958?
False
Is 6061440 a multiple of 220?
True
Does 765 divide 16801193?
False
Is 63 a factor of 449127?
True
Is 20 a factor of 148580?
True
Is 49606 a multiple of 5?
False
Is 627021 a multiple of 4?
False
Is 145569 a multiple of 16?
False
Is 71638 a multiple of 86?
True
Is 1921790 a multiple of 11?
False
Is 54064 a multiple of 25?
False
Is 100090 a multiple of 199?
False
Does 26 divide 932724?
True
Is 1161 a factor of 618813?
True
Is 107 a factor of 891417?
True
Is 73130 a multiple of 31?
False
Is 309984 a multiple of 32?
True
Is 438 a factor of 43446210?
False
Is 91797 a multiple of 5?
False
Is 102 a factor of 1186260?
True
Does 133 divide 112119?
True
Is 271 a factor of 5074204?
True
Is 520875 a multiple of 74?
False
Does 36 divide 798552?
True
Is 1644619 a multiple of 9?
False
Does 183 divide 783789?
True
Is 331419 a multiple of 363?
True
Is 58 a factor of 2978590?
True
Is 19 a factor of 307488?
False
Is 587 a factor of 926873?
True
Is 92 a factor of 325496?
True
Is 43753 a multiple of 9?
False
Does 18 divide 423471?
False
Does 10 divide 160110?
True
Is 34 a factor of 357431?
False
Is 301 a factor of 5745108?
False
Does 56 divide 54563?
False
Is 234 a factor of 1913090?
False
Is 92 a factor of 332085?
False
Is 10 a factor of 119130?
True
Is 29 a factor of 177451?
True
Does 185 divide 1647795?
True
Is 14 a factor of 10277420?
False
Is 2627543 a multiple of 17?
False
Does 788 divide 676892?
True
Is 109 a factor of 784228?
False
Is 42 a factor of 1900562?
False
Does 6 divide 64554?
True
Does 14 divide 570010?
True
Is 57 a factor of 3095556?
True
Is 429 a factor of 84267?
False
Is 12036 a multiple of 177?
True
Is 4329403 a multiple of 12?
False
Is 273 a factor of 19123923?
True
Does 71 divide 571624?
False
Does 5 divide 258860?
True
Does 9 divide 861457?
False
Is 204233 a multiple of 50?
False
Does 601 divide 1235824?
False
Does 66 divide 481074?
True
Is 25340 a multiple of 62?
False
Is 22 a factor of 6512?
True
Does 82 divide 19694678?
True
Does 552 divide 6531564?
False
Is 91 a factor of 1860131?
True
Is 3776684 a multiple of 14?
False
Is 349817 a multiple of 15?
False
Is 7 a factor of 220906?
True
Is 20 a factor of 175322?
False
Is 1168421 a multiple of 158?
False
Is 11 a factor of 5352070?
False
Is 1232948 a multiple of 7?
False
Is 256705 a multiple of 218?
False
Is 17777 a multiple of 29?
True
Is 19 a factor of 74162?
False
Is 79 a factor of 705786?
True
Is 11483952 a multiple of 12?
True
Is 98 a factor of 7603018?
False
Is 111 a factor of 55056?
True
Is 236 a factor of 729004?
True
Is 2431305 a multiple of 45?
True
Is 224822 a multiple of 15?
False
Is 170688 a multiple of 42?
True
Is 5840002 a multiple of 7?
True
Does 121 divide 535546?
True
Is 190 a factor of 4309390?
True
Is 50141 even?
False
Is 44365 a multiple of 95?
True
Does 60 divide 233280?
True
Does 133 divide 752780?
True
Is 6 a factor of 50542?
False
Is 907263 a multiple of 37?
False
Is 27 a factor of 27267?
False
Is 57 a factor of 14268711?
False
Is 5 a factor of 1793540?
True
Does 44 divide 172524?
True
Is 1143 a multiple of 31?
False
Does 5 divide 239838?
False
Is 16 a factor of 3941504?
True
Is 58 a factor of 831997?
False
Does 53 divide 100052?
False
Is 74403 a multiple of 22?
False
Does 304 divide 287280?
True
Does 333 divide 756576?
True
Is 861801 a multiple of 309?
True
Does 8 divide 6167154?
False
Is 1124618 a multiple of 11?
True
Does 140 divide 590511?
False
Is 12 a factor of 1886652?
True
Is 521063 a multiple of 5?
False
Is 14571 a multiple of 9?
True
Does 950 divide 2892728?
False
Is 44 a factor of 729957?
False
Is 445760 a multiple of 35?
True
Does 21 divide 4599?
True
Does 86 divide 196613?
False
Does 42 divide 12320923?
False
Is 13289 a multiple of 29?
False
Is 335942 a multiple of 17?
False
Is 542504 a multiple of 29?
False
Is 184415 a multiple of 169?
False
Is 1358856 a multiple of 466?
True
Is 1452 a multiple of 22?
True
Is 135 a factor of 54000?
True
Does 155 divide 182526?
False
Does 53 divide 293083?
False
Is 555 a factor of 1121187?
False
Is 766 a factor of 8577668?
True
Is 89630 a multiple of 10?
True
Does 1057 divide 2481836?
True
Is 187069 a multiple of 5?
False
Is 35 a factor of 116820?
False
Is 419 a factor of 80029?
True
Does 7 divide 27569?
False
Is 152830 a multiple of 501?
False
Is 67 a factor of 736598?
True
Is 18288 a multiple of 254?
True
Is 442119 a multiple of 355?
False
Does 15 divide 7780?
False
Does 591 divide 326153?
False
Does 16 divide 54704?
True
Does 299 divide 129304?
False
Is 3614608 a multiple of 274?
True
Is 58842 a multiple of 240?
False
Is 115 a factor of 574655?
True
Is 1094823 a multiple of 23?
True
Is 615 a factor of 8637675?
True
Is 106853 a multiple of 2?
False
Does 230 divide 134550?
True
Is 45 a factor of 197190?
True
Does 361 divide 118795?
False
Does 4 divide 313673?
False
Does 751 divide 6411450?
False
Does 8 divide 32888?
True
Is 3 a factor of 1253943?
True
Does 182 divide 1633249?
False
Is 25 a factor of 2538375?
True
Does 9 divide 842200?
False
Is 9583266 a multiple of 66?
True
Is 14 a factor of 38331?
False
Does 40 divide 5152440?
True
Is 3480980 a multiple of 172?
False
Is 285852 a multiple of 574?
True
Is 1192246 a multiple of 136?
False
Is 111037 a multiple of 26?
False
Is 1271294 a multiple of 105?
False
Does 4 divide 14142?
False
Does 114 divide 47880?
True
Does 16 divide 1043877?
False
Does 87 divide 12268?
False
Is 20 a factor of 59040?
True
Is 6 a factor of 91896?
True
Does 19 divide 211128?
True
Is 454895 a multiple of 41?
True
Is 194115 a multiple of 179?
False
Is 54729 a multiple of 3?
True
Is 50395 a multiple of 6?
False
Is 4 a factor of 758491?
False
Does 158 divide 170158?
False
Is 231 a factor of 1068837?
True
Does 12 divide 476886?
False
Is 3977265 a multiple of 703?
False
Is 53 a factor of 118890?
False
Is 1244873 a multiple of 124?
False
Does 23 divide 8429691?
False
Is 7785822 a multiple of 446?
True
Does 31 divide 7521468?
True
Is 71 a factor of 535198?
True
Is 15 a factor of 3832936?
False
Does 17 divide 3221031?
False
Does 2 divide 115387?
False
Does 60 divide 1550640?
True
Is 478 a factor of 1915961?
False
Does 8 divide 40177?
False
Is 26 a factor of 5730302?
False
Is 881 a factor of 416713?
True
Is 4 a factor of 342556?
True
Is 29 a factor of 1708738?
True
Is 84 a factor of 1556016?
True
Is 122 a factor of 182878?
True
Does 906 divide 234108?
False
Is 28 a factor of 90223?
False
Is 30 a factor of 121578?
False
Does 75 divide 35416?
False
Is 35 a factor of 4021?
False
Is 2551276 a multiple of 91?
True
Is 670362 a multiple of 217?
False
Is 4646696 a multiple of 8?
True
Is 193 a factor of 894169?
True
Is 17 a factor of 1965687?
False
Is 60 a factor of 1494420?
True
Does 9 divide 6635?
False
Does 7 divide 467082?
True
Is 167 a factor of 348028?
True
Is 263 a factor of 211452?
True
Does 31 divide 57567?
True
Is 185949 a multiple of 9?
True
Is 5 a factor of 29230?
True
Does 129 divide 4575505?
False
Does 336 divide 1491504?
True
Is 8747593 a multiple of 325?
False
Is 1422906 a multiple of 167?
False
Is 11516383 a multiple of 79?
True
Is 82742 a multiple of 22?
True
Is 5 a factor of 246615?
True
Does 9 divide 61236?
True
Does 17 divide 2343008?
True
Is 99298 a multiple of 4?
False
Does 470 divide 3093540?
True
Is 18 a factor of 383526?
True
Is 1655 a factor of 12976486?
False
Does 12 divide 146562?
False
Is 296569 a multiple of 9?
False
Is 7 a factor of 801297?
True
Does 33 divide 2630397?
True
Is 975284 a multiple of 314?
True
Is 108 a factor of 879984?
True
Is 51090 a multiple of 10?
True
Is 10 a factor of 399570?
True
Is 248 a factor of 5700?
False
Is 15 a factor of 3820531?
False
Does 16 divide 1551793?
False
Is 201547 a multiple of 17?
False
Is 905088 a multiple of 144?
False
Is 107 a factor of 1415321?
False
Is 381355 a multiple of 927?
False
Is 712895 even?
False
Is 92568 a multiple of 69?
False
Is 401246 a multiple of 63?
False
Is 241959 a multiple of 46?
False
Is 53 a factor of 33708?
True
Is 1917039 a multiple of 9?
False
Is 98 a factor of 4130798?
True
Is 17 a factor of 4903985?
False
Does 274 divide 711578?
True
Is 4 a factor of 749358?
False
Does 31 divid